{"id":161,"date":"2025-12-30T10:12:12","date_gmt":"2025-12-30T09:12:12","guid":{"rendered":"http:\/\/mathelot17.pro\/?page_id=161"},"modified":"2025-12-30T10:29:46","modified_gmt":"2025-12-30T09:29:46","slug":"ressources-infos-diverses","status":"publish","type":"page","link":"https:\/\/mathelot17.pro\/index.php\/ressources-infos-diverses\/","title":{"rendered":"Ressources &#8211; Liens internet &#8211; Infos diverses"},"content":{"rendered":"<h1 style=\"text-align: center;\"><span style=\"color: #339966;\"><strong>Ressources :<\/strong><\/span><\/h1>\n<h2 style=\"text-align: center;\"><strong><span style=\"color: #0000ff;\">Lien internet sites de math\u00e9matiques<\/span><\/strong><\/h2>\n<h2 style=\"text-align: center;\"><strong><span style=\"color: #0000ff;\">Sujets d&rsquo;\u00e9preuves<\/span><\/strong><\/h2>\n","protected":false},"excerpt":{"rendered":"<p>Ressources : Lien internet sites de math\u00e9matiques Sujets d&rsquo;\u00e9preuves<\/p>\n","protected":false},"author":1,"featured_media":0,"parent":0,"menu_order":0,"comment_status":"closed","ping_status":"closed","template":"","meta":{"_crdt_document":"","footnotes":""},"class_list":["post-161","page","type-page","status-publish","hentry"],"yoast_head":"<!-- This site is optimized with the Yoast SEO plugin v26.6 - https:\/\/yoast.com\/wordpress\/plugins\/seo\/ -->\n<title>Ressources - Liens internet - Infos diverses - mathelot17<\/title>\n<meta name=\"robots\" content=\"index, follow, max-snippet:-1, max-image-preview:large, max-video-preview:-1\" \/>\n<link rel=\"canonical\" href=\"http:\/\/mathelot17.pro\/index.php\/ressources-infos-diverses\/\" \/>\n<meta property=\"og:locale\" content=\"fr_FR\" \/>\n<meta property=\"og:type\" content=\"article\" \/>\n<meta property=\"og:title\" content=\"Ressources - Liens internet - Infos diverses - mathelot17\" \/>\n<meta property=\"og:description\" content=\"Ressources : Lien internet sites de math\u00e9matiques Sujets d&rsquo;\u00e9preuves\" \/>\n<meta property=\"og:url\" content=\"http:\/\/mathelot17.pro\/index.php\/ressources-infos-diverses\/\" \/>\n<meta property=\"og:site_name\" content=\"mathelot17\" \/>\n<meta property=\"article:modified_time\" content=\"2025-12-30T09:29:46+00:00\" \/>\n<meta name=\"twitter:card\" content=\"summary_large_image\" \/>\n<script type=\"application\/ld+json\" class=\"yoast-schema-graph\">{\"@context\":\"https:\/\/schema.org\",\"@graph\":[{\"@type\":\"WebPage\",\"@id\":\"http:\/\/mathelot17.pro\/index.php\/ressources-infos-diverses\/\",\"url\":\"http:\/\/mathelot17.pro\/index.php\/ressources-infos-diverses\/\",\"name\":\"Ressources - Liens internet - Infos diverses - mathelot17\",\"isPartOf\":{\"@id\":\"http:\/\/mathelot17.pro\/#website\"},\"datePublished\":\"2025-12-30T09:12:12+00:00\",\"dateModified\":\"2025-12-30T09:29:46+00:00\",\"breadcrumb\":{\"@id\":\"http:\/\/mathelot17.pro\/index.php\/ressources-infos-diverses\/#breadcrumb\"},\"inLanguage\":\"fr-FR\",\"potentialAction\":[{\"@type\":\"ReadAction\",\"target\":[\"http:\/\/mathelot17.pro\/index.php\/ressources-infos-diverses\/\"]}]},{\"@type\":\"BreadcrumbList\",\"@id\":\"http:\/\/mathelot17.pro\/index.php\/ressources-infos-diverses\/#breadcrumb\",\"itemListElement\":[{\"@type\":\"ListItem\",\"position\":1,\"name\":\"Accueil\",\"item\":\"http:\/\/mathelot17.pro\/\"},{\"@type\":\"ListItem\",\"position\":2,\"name\":\"Ressources &#8211; Liens internet &#8211; Infos diverses\"}]},{\"@type\":\"WebSite\",\"@id\":\"http:\/\/mathelot17.pro\/#website\",\"url\":\"http:\/\/mathelot17.pro\/\",\"name\":\"mathelot17\",\"description\":\"un site pour am\u00e9liorer vos comp\u00e9tences en math\u00e9matiques\",\"publisher\":{\"@id\":\"http:\/\/mathelot17.pro\/#organization\"},\"potentialAction\":[{\"@type\":\"SearchAction\",\"target\":{\"@type\":\"EntryPoint\",\"urlTemplate\":\"http:\/\/mathelot17.pro\/?s={search_term_string}\"},\"query-input\":{\"@type\":\"PropertyValueSpecification\",\"valueRequired\":true,\"valueName\":\"search_term_string\"}}],\"inLanguage\":\"fr-FR\"},{\"@type\":\"Organization\",\"@id\":\"http:\/\/mathelot17.pro\/#organization\",\"name\":\"mathelot17\",\"url\":\"http:\/\/mathelot17.pro\/\",\"logo\":{\"@type\":\"ImageObject\",\"inLanguage\":\"fr-FR\",\"@id\":\"http:\/\/mathelot17.pro\/#\/schema\/logo\/image\/\",\"url\":\"https:\/\/mathelot17.pro\/wp-content\/uploads\/2025\/12\/cropped-cropped-Image1-3.png\",\"contentUrl\":\"https:\/\/mathelot17.pro\/wp-content\/uploads\/2025\/12\/cropped-cropped-Image1-3.png\",\"width\":606,\"height\":639,\"caption\":\"mathelot17\"},\"image\":{\"@id\":\"http:\/\/mathelot17.pro\/#\/schema\/logo\/image\/\"}}]}<\/script>\n<!-- \/ Yoast SEO plugin. -->","yoast_head_json":{"title":"Ressources - Liens internet - Infos diverses - mathelot17","robots":{"index":"index","follow":"follow","max-snippet":"max-snippet:-1","max-image-preview":"max-image-preview:large","max-video-preview":"max-video-preview:-1"},"canonical":"http:\/\/mathelot17.pro\/index.php\/ressources-infos-diverses\/","og_locale":"fr_FR","og_type":"article","og_title":"Ressources - Liens internet - Infos diverses - mathelot17","og_description":"Ressources : Lien internet sites de math\u00e9matiques Sujets d&rsquo;\u00e9preuves","og_url":"http:\/\/mathelot17.pro\/index.php\/ressources-infos-diverses\/","og_site_name":"mathelot17","article_modified_time":"2025-12-30T09:29:46+00:00","twitter_card":"summary_large_image","schema":{"@context":"https:\/\/schema.org","@graph":[{"@type":"WebPage","@id":"http:\/\/mathelot17.pro\/index.php\/ressources-infos-diverses\/","url":"http:\/\/mathelot17.pro\/index.php\/ressources-infos-diverses\/","name":"Ressources - Liens internet - Infos diverses - mathelot17","isPartOf":{"@id":"http:\/\/mathelot17.pro\/#website"},"datePublished":"2025-12-30T09:12:12+00:00","dateModified":"2025-12-30T09:29:46+00:00","breadcrumb":{"@id":"http:\/\/mathelot17.pro\/index.php\/ressources-infos-diverses\/#breadcrumb"},"inLanguage":"fr-FR","potentialAction":[{"@type":"ReadAction","target":["http:\/\/mathelot17.pro\/index.php\/ressources-infos-diverses\/"]}]},{"@type":"BreadcrumbList","@id":"http:\/\/mathelot17.pro\/index.php\/ressources-infos-diverses\/#breadcrumb","itemListElement":[{"@type":"ListItem","position":1,"name":"Accueil","item":"http:\/\/mathelot17.pro\/"},{"@type":"ListItem","position":2,"name":"Ressources &#8211; Liens internet &#8211; Infos diverses"}]},{"@type":"WebSite","@id":"http:\/\/mathelot17.pro\/#website","url":"http:\/\/mathelot17.pro\/","name":"mathelot17","description":"un site pour am\u00e9liorer vos comp\u00e9tences en math\u00e9matiques","publisher":{"@id":"http:\/\/mathelot17.pro\/#organization"},"potentialAction":[{"@type":"SearchAction","target":{"@type":"EntryPoint","urlTemplate":"http:\/\/mathelot17.pro\/?s={search_term_string}"},"query-input":{"@type":"PropertyValueSpecification","valueRequired":true,"valueName":"search_term_string"}}],"inLanguage":"fr-FR"},{"@type":"Organization","@id":"http:\/\/mathelot17.pro\/#organization","name":"mathelot17","url":"http:\/\/mathelot17.pro\/","logo":{"@type":"ImageObject","inLanguage":"fr-FR","@id":"http:\/\/mathelot17.pro\/#\/schema\/logo\/image\/","url":"https:\/\/mathelot17.pro\/wp-content\/uploads\/2025\/12\/cropped-cropped-Image1-3.png","contentUrl":"https:\/\/mathelot17.pro\/wp-content\/uploads\/2025\/12\/cropped-cropped-Image1-3.png","width":606,"height":639,"caption":"mathelot17"},"image":{"@id":"http:\/\/mathelot17.pro\/#\/schema\/logo\/image\/"}}]}},"_links":{"self":[{"href":"https:\/\/mathelot17.pro\/index.php\/wp-json\/wp\/v2\/pages\/161","targetHints":{"allow":["GET"]}}],"collection":[{"href":"https:\/\/mathelot17.pro\/index.php\/wp-json\/wp\/v2\/pages"}],"about":[{"href":"https:\/\/mathelot17.pro\/index.php\/wp-json\/wp\/v2\/types\/page"}],"author":[{"embeddable":true,"href":"https:\/\/mathelot17.pro\/index.php\/wp-json\/wp\/v2\/users\/1"}],"replies":[{"embeddable":true,"href":"https:\/\/mathelot17.pro\/index.php\/wp-json\/wp\/v2\/comments?post=161"}],"version-history":[{"count":2,"href":"https:\/\/mathelot17.pro\/index.php\/wp-json\/wp\/v2\/pages\/161\/revisions"}],"predecessor-version":[{"id":175,"href":"https:\/\/mathelot17.pro\/index.php\/wp-json\/wp\/v2\/pages\/161\/revisions\/175"}],"wp:attachment":[{"href":"https:\/\/mathelot17.pro\/index.php\/wp-json\/wp\/v2\/media?parent=161"}],"curies":[{"name":"wp","href":"https:\/\/api.w.org\/{rel}","templated":true}]}}